{"id":517,"date":"2025-11-13T21:40:45","date_gmt":"2025-11-14T00:40:45","guid":{"rendered":"https:\/\/mediterraneasoluzioni.com\/tienda\/?post_type=product&#038;p=517"},"modified":"2025-11-18T18:35:30","modified_gmt":"2025-11-18T21:35:30","slug":"517","status":"publish","type":"product","link":"https:\/\/mediterraneasoluzioni.com\/tienda\/producto\/517\/","title":{"rendered":"Softcooker WI-FOOD"},"content":{"rendered":"<h3><\/h3>\n<h3>Caracter\u00edsticas Generales y Conectividad<\/h3>\n<p>&nbsp;<\/p>\n<ul>\n<li><b>Softcooker Wi-Food NFC:<\/b> Laterales de ABS y cesta de aluminio con antena.<\/li>\n<li>Las versiones <b>NFC<\/b> est\u00e1n equipadas con una antena integrada para la lectura inmediata de las sondas de temperatura interna (o &#8220;sondas al coraz\u00f3n&#8221;) <b>SWP \u201cSoftcooker Wireless Probe\u201d<\/b>.<\/li>\n<li>Pr\u00e1ctica y amplia <b>pantalla t\u00e1ctil de 5\u201d<\/b>, con protecci\u00f3n IP 67.<\/li>\n<li><b>10 programas inmediatos<\/b> a bordo de la m\u00e1quina y <b>programas ilimitados<\/b> a trav\u00e9s de la aplicaci\u00f3n.<\/li>\n<li>Pr\u00e1ctica empu\u00f1adura para el transporte.<\/li>\n<li>La conexi\u00f3n <b>Wi-Fi<\/b> permite, a trav\u00e9s de la aplicaci\u00f3n gratuita dedicada, controlar la cocci\u00f3n incluso desde casa.<\/li>\n<\/ul>\n<p>&nbsp;<\/p>\n<h3>Funcionalidades de la Aplicaci\u00f3n<\/h3>\n<ul>\n<li>La gesti\u00f3n de varios aparatos.<\/li>\n<li>Recetas privadas y p\u00fablicas con 4 niveles.<\/li>\n<li>Registro de cocci\u00f3n (log) HACCP.<\/li>\n<li>Impresi\u00f3n de etiquetas adhesivas.<\/li>\n<li>Configuraci\u00f3n de alarmas sonoras.<\/li>\n<li>Funci\u00f3n Multitimer.<\/li>\n<li>Lectura y configuraci\u00f3n de las sondas de temperatura interna SWP \u201cSoftcooker Wireless Probe\u201d, y mucho m\u00e1s.<\/li>\n<\/ul>\n<p>&nbsp;<\/p>\n<h3>Tecnolog\u00eda NFC (Near Field Communication)<\/h3>\n<ul>\n<li>Finalmente, un sistema pr\u00e1ctico y eficiente para el control de la <b>temperatura interna<\/b> (al coraz\u00f3n) en las cocciones al vac\u00edo.<\/li>\n<li>Sondas inal\u00e1mbricas, pr\u00e1cticas y robustas con <b>tecnolog\u00eda NFC<\/b> que permite la lectura de la temperatura interna a trav\u00e9s de la pr\u00e1ctica APP o directamente desde el Softcooker Wi-Food NFC.<\/li>\n<li><b>Reutilizables infinitas veces<\/b>, pueden cargarse con datos relativos al producto, proveedor, cocci\u00f3n, fecha de envasado, etc.<\/li>\n<li>APP de gesti\u00f3n gratuita, f\u00e1cil e intuitiva.<\/li>\n<\/ul>\n<p>&nbsp;<\/p>\n<p><b>Compatible con Industria 4.0<\/b><\/p>\n<p>&nbsp;<\/p>\n<p><strong>Dimensiones\u00a0<\/strong><\/p>\n<p>Modelo: Softcooker Wi-Food<br \/>\nPotencia: 2.000 Watt<br \/>\nAlimentaci\u00f3n: 1ph (Monof\u00e1sica)<br \/>\nTemperatura (Celsius): 24\u00f795 \u00b0C<\/p>\n<p>A: 165 mm<br \/>\nB: 109 mm<br \/>\nC: 174 mm<br \/>\nD: 203 mm<br \/>\nE: 152 mm<br \/>\nF: 377 mm<br \/>\nG: 180 mm<br \/>\nL: 40 mm<br \/>\nPeso Neto: 4,5 kg<\/p>\n<p><img fetchpriority=\"high\" decoding=\"async\" class=\"alignnone size-full wp-image-527\" src=\"https:\/\/mediterraneasoluzioni.com\/tienda\/wp-content\/uploads\/2025\/11\/ingombri_Softcooker_Wi-Food.jpeg\" alt=\"\" width=\"267\" height=\"200\" \/><\/p>\n","protected":false},"excerpt":{"rendered":"<p>Caracter\u00edsticas Generales y Conectividad &nbsp; Softcooker Wi-Food NFC: Laterales de ABS y cesta de aluminio con antena. Las versiones NFC est\u00e1n equipadas con una antena integrada para la lectura inmediata de las sondas de temperatura interna (o &#8220;sondas al coraz\u00f3n&#8221;) SWP \u201cSoftcooker Wireless Probe\u201d. Pr\u00e1ctica y amplia pantalla t\u00e1ctil de 5\u201d, con protecci\u00f3n IP 67. [&hellip;]<\/p>\n","protected":false},"featured_media":518,"template":"","meta":{"postBodyCss":"","postBodyMargin":[],"postBodyPadding":[],"postBodyBackground":{"backgroundType":"classic","gradient":""}},"product_brand":[47],"product_cat":[24,50],"product_tag":[37],"class_list":{"0":"post-517","1":"product","2":"type-product","3":"status-publish","4":"has-post-thumbnail","6":"product_brand-sirman","7":"product_cat-coccion-al-vacio","8":"product_cat-restaurante","9":"product_tag-sirman","11":"first","12":"instock","13":"shipping-taxable","14":"product-type-simple"},"_links":{"self":[{"href":"https:\/\/mediterraneasoluzioni.com\/tienda\/wp-json\/wp\/v2\/product\/517","targetHints":{"allow":["GET"]}}],"collection":[{"href":"https:\/\/mediterraneasoluzioni.com\/tienda\/wp-json\/wp\/v2\/product"}],"about":[{"href":"https:\/\/mediterraneasoluzioni.com\/tienda\/wp-json\/wp\/v2\/types\/product"}],"wp:featuredmedia":[{"embeddable":true,"href":"https:\/\/mediterraneasoluzioni.com\/tienda\/wp-json\/wp\/v2\/media\/518"}],"wp:attachment":[{"href":"https:\/\/mediterraneasoluzioni.com\/tienda\/wp-json\/wp\/v2\/media?parent=517"}],"wp:term":[{"taxonomy":"product_brand","embeddable":true,"href":"https:\/\/mediterraneasoluzioni.com\/tienda\/wp-json\/wp\/v2\/product_brand?post=517"},{"taxonomy":"product_cat","embeddable":true,"href":"https:\/\/mediterraneasoluzioni.com\/tienda\/wp-json\/wp\/v2\/product_cat?post=517"},{"taxonomy":"product_tag","embeddable":true,"href":"https:\/\/mediterraneasoluzioni.com\/tienda\/wp-json\/wp\/v2\/product_tag?post=517"}],"curies":[{"name":"wp","href":"https:\/\/api.w.org\/{rel}","templated":true}]}}