{"id":570,"date":"2025-11-14T18:34:56","date_gmt":"2025-11-14T21:34:56","guid":{"rendered":"https:\/\/mediterraneasoluzioni.com\/tienda\/?post_type=product&#038;p=570"},"modified":"2025-11-18T18:42:30","modified_gmt":"2025-11-18T21:42:30","slug":"tc-22e","status":"publish","type":"product","link":"https:\/\/mediterraneasoluzioni.com\/tienda\/producto\/tc-22e\/","title":{"rendered":"TC 22E"},"content":{"rendered":"<ul>\n<li><b>Construcci\u00f3n en aluminio fundido a presi\u00f3n<\/b> pulido.<\/li>\n<li><b>Motor ventilado.<\/b><\/li>\n<li><b>Reductor de picadora de carne<\/b> ba\u00f1ado en aceite.<\/li>\n<li><b>Boca y h\u00e9lice (tornillo sin fin) de la picadora<\/b>\u00a0en acero inoxidable AISI 304.<\/li>\n<li><b>Placa y cuchillo<\/b> de acero inoxidable.<\/li>\n<li><b>Versi\u00f3n CE con <\/b>Controles IP54 con NVR.<\/li>\n<li>Controles con inversi\u00f3n de marcha.<\/li>\n<\/ul>\n<p>&nbsp;<\/p>\n<p><strong>Caracteristicas Tecnicas<\/strong><\/p>\n<p>Modelo: TC 22 E<br \/>\nPotencia: 800 Watt &#8211; 1,2 Hp<br \/>\nAlimentaci\u00f3n: 1ph\/3ph (Monof\u00e1sica\/Trif\u00e1sica)<br \/>\nProducci\u00f3n\/h: 33 Kg\/10 min<br \/>\nPlaca de Dotaci\u00f3n: 4,5 mm<\/p>\n<p>A: 225 mm<br \/>\nB: 185 mm<br \/>\nC: 440 mm<br \/>\nD: 215 mm<br \/>\nE: 135 mm<br \/>\nF: 445 mm<br \/>\nG: 520 mm<br \/>\nPeso Neto: 21 Kg<\/p>\n<p>&nbsp;<\/p>\n<p><img decoding=\"async\" class=\"alignnone size-full wp-image-573\" src=\"https:\/\/mediterraneasoluzioni.com\/tienda\/wp-content\/uploads\/2025\/11\/ingombri_TC12-22E_1.gif\" alt=\"\" width=\"200\" height=\"200\" srcset=\"https:\/\/mediterraneasoluzioni.com\/tienda\/wp-content\/uploads\/2025\/11\/ingombri_TC12-22E_1.gif 200w, https:\/\/mediterraneasoluzioni.com\/tienda\/wp-content\/uploads\/2025\/11\/ingombri_TC12-22E_1-100x100.gif 100w\" sizes=\"(max-width: 200px) 100vw, 200px\" \/><img decoding=\"async\" class=\"alignnone size-full wp-image-575\" src=\"https:\/\/mediterraneasoluzioni.com\/tienda\/wp-content\/uploads\/2025\/11\/ingombri_TC12-22E_2-1.gif\" alt=\"\" width=\"200\" height=\"200\" srcset=\"https:\/\/mediterraneasoluzioni.com\/tienda\/wp-content\/uploads\/2025\/11\/ingombri_TC12-22E_2-1.gif 200w, https:\/\/mediterraneasoluzioni.com\/tienda\/wp-content\/uploads\/2025\/11\/ingombri_TC12-22E_2-1-100x100.gif 100w\" sizes=\"(max-width: 200px) 100vw, 200px\" \/><\/p>\n","protected":false},"excerpt":{"rendered":"<p>Construcci\u00f3n en aluminio fundido a presi\u00f3n pulido. Motor ventilado. Reductor de picadora de carne ba\u00f1ado en aceite. Boca y h\u00e9lice (tornillo sin fin) de la picadora\u00a0en acero inoxidable AISI 304. Placa y cuchillo de acero inoxidable. Versi\u00f3n CE con Controles IP54 con NVR. Controles con inversi\u00f3n de marcha. &nbsp; Caracteristicas Tecnicas Modelo: TC 22 E [&hellip;]<\/p>\n","protected":false},"featured_media":571,"template":"","meta":{"postBodyCss":"","postBodyMargin":[],"postBodyPadding":[],"postBodyBackground":{"backgroundType":"classic","gradient":""}},"product_brand":[47],"product_cat":[53,43,50],"product_tag":[],"class_list":{"0":"post-570","1":"product","2":"type-product","3":"status-publish","4":"has-post-thumbnail","6":"product_brand-sirman","7":"product_cat-carne-fiambre","8":"product_cat-linea-carne","9":"product_cat-restaurante","11":"first","12":"instock","13":"shipping-taxable","14":"product-type-simple"},"_links":{"self":[{"href":"https:\/\/mediterraneasoluzioni.com\/tienda\/wp-json\/wp\/v2\/product\/570","targetHints":{"allow":["GET"]}}],"collection":[{"href":"https:\/\/mediterraneasoluzioni.com\/tienda\/wp-json\/wp\/v2\/product"}],"about":[{"href":"https:\/\/mediterraneasoluzioni.com\/tienda\/wp-json\/wp\/v2\/types\/product"}],"wp:featuredmedia":[{"embeddable":true,"href":"https:\/\/mediterraneasoluzioni.com\/tienda\/wp-json\/wp\/v2\/media\/571"}],"wp:attachment":[{"href":"https:\/\/mediterraneasoluzioni.com\/tienda\/wp-json\/wp\/v2\/media?parent=570"}],"wp:term":[{"taxonomy":"product_brand","embeddable":true,"href":"https:\/\/mediterraneasoluzioni.com\/tienda\/wp-json\/wp\/v2\/product_brand?post=570"},{"taxonomy":"product_cat","embeddable":true,"href":"https:\/\/mediterraneasoluzioni.com\/tienda\/wp-json\/wp\/v2\/product_cat?post=570"},{"taxonomy":"product_tag","embeddable":true,"href":"https:\/\/mediterraneasoluzioni.com\/tienda\/wp-json\/wp\/v2\/product_tag?post=570"}],"curies":[{"name":"wp","href":"https:\/\/api.w.org\/{rel}","templated":true}]}}